2
141 (base 5) to base 6
114
Convert 3 (base 14) to base 3.
10
What is 3a (base 16) in base 10?
58
Convert 12 (base 16) to base 2.
10010
What is 0 (base 8) in base 10?
0
What is 2 (base 5) in base 11?
2
-2 (base 13) to base 15
-2
2021 (base 3) to base 15
41
Convert 51 (base 14) to base 12.
5b
What is -120 (base 6) in base 2?
-110000
Convert 13 (base 6) to base 7.
12
What is -10001 (base 2) in base 10?
-17
What is -15 (base 13) in base 10?
-18
What is 4 (base 10) in base 2?
100
10001 (base 3) to base 2
1010010
Convert 0 (base 2) to base 3.
0
30 (base 4) to base 8
14
What is 10101000 (base 2) in base 11?
143
What is -1242 (base 5) in base 14?
-101
-5 (base 12) to base 8
-5
0 (base 3) to base 6
0
Convert -34 (base 6) to base 5.
-42
Convert -13 (base 12) to base 4.
-33
What is -2 (base 11) in base 3?
-2
Convert 31 (base 8) to base 4.
121
What is -2 (base 10) in base 14?
-2
Convert 10111111 (base 2) to base 15.
cb
Convert -11 (base 3) to base 16.
-4
What is -3 (base 10) in base 8?
-3
Convert -131 (base 7) to base 12.
-5b
What is f (base 16) in base 6?
23
What is 1 (base 2) in base 15?
1
What is 5 (base 14) in base 16?
5
-134 (base 5) to base 15
-2e
-e (base 15) to base 13
-11
What is -20 (base 16) in base 10?
-32
What is 2 (base 13) in base 8?
2
What is -111 (base 7) in base 8?
-71
What is -14a (base 11) in base 16?
-af
Convert 12 (base 4) to base 3.
20
Convert -2b (base 13) to base 11.
-34
What is -3 (base 4) in base 8?
-3
Convert -a (base 13) to base 7.
-13
What is 1231 (base 6) in base 12?
217
What is -10120 (base 4) in base 15?
-13a
0 (base 16) to base 7
0
What is 0 (base 8) in base 4?
0
What is 0 (base 2) in base 5?
0
-101 (base 2) to base 9
-5
Convert -3 (base 12) to base 13.
-3
Convert -453 (base 6) to base 10.
-177
Convert 3 (base 10) to base 16.
3
What is 1 (base 15) in base 14?
1
-153 (base 11) to base 15
-be
What is 10 (base 8) in base 5?
13
Convert -102 (base 7) to base 9.
-56
Convert 141 (base 5) to base 16.
2e
-12 (base 12) to base 4
-32
87 (base 16) to base 3
12000
-3 (base 9) to base 10
-3
What is -56 (base 7) in base 5?
-131
Convert 1b (base 15) to base 5.
101
What is 1 (base 10) in base 11?
1
0 (base 15) to base 16
0
What is 7 (base 11) in base 2?
111
89 (base 14) to base 15
81
What is -212 (base 10) in base 15?
-e2
What is 53 (base 13) in base 6?
152
What is 1 (base 5) in base 13?
1
What is -1 (base 9) in base 11?
-1
Convert -110 (base 5) to base 10.
-30
-31 (base 7) to base 11
-20
What is 2200 (base 4) in base 13?
c4
-103 (base 4) to base 16
-13
a (base 16) to base 5
20
What is -10 (base 8) in base 15?
-8
What is -21 (base 7) in base 4?
-33
Convert 4 (base 15) to base 4.
10
Convert 1031 (base 5) to base 4.
2031
Convert -244 (base 10) to base 9.
-301
What is -7 (base 14) in base 8?
-7
What is -122 (base 3) in base 12?
-15
10 (base 8) to base 4
20
-3 (base 16) to base 3
-10
What is -100101 (base 2) in base 13?
-2b
Convert 1 (base 9) to base 16.
1
530 (base 6) to base 12
146
162 (base 13) to base 5
1444
2 (base 11) to base 13
2
What is 11 (base 11) in base 8?
14
What is 11 (base 10) in base 3?
102
-150 (base 8) to base 4
-1220
What is -111 (base 2) in base 7?
-10
What is 56 (base 12) in base 13?
51
Convert 64 (base 10) to base 12.
54
Convert 196 (base 12) to base 9.
316
What is -29 (base 15) in base 16?
-27
Convert 17 (base 16) to base 4.
113
What is 22 (base 6) in base 7?
20
-16 (base 15) to base 8
-25
Convert 4 (base 8) to base 5.
4
4 (base 13) to base 3
11
What is -114 (base 6) in base 4?
-232
Convert -222 (base 3) to base 15.
-1b
-6 (base 11) to base 12
-6
-4 (base 7) to base 5
-4
0 (base 10) to base 15
0
44 (base 11) to base 7
66
What is -38 (base 10) in base 12?
-32
11110 (base 3) to base 6
320
What is -34 (base 9) in base 4?
-133
What is -33 (base 4) in base 3?
-120
Convert -2 (base 5) to base 9.
-2
-12 (base 3) to base 4
-11
What is 79 (base 13) in base 6?
244
Convert 53 (base 16) to base 10.
83
-15 (base 9) to base 10
-14
What is 1000001 (base 2) in base 15?
45
What is -222 (base 7) in base 5?
-424
Convert 10 (base 9) to base 12.
9
Convert -c (base 13) to base 2.
-1100
Convert 203 (base 9) to base 7.
324
Convert -322 (base 4) to base 14.
-42
5 (base 6) to base 10
5
Convert -b (base 13) to base 14.
-b
What is -41 (base 12) in base 7?
-100
Convert -113 (base 4) to base 11.
-21
Convert -4 (base 14) to base 10.
-4
Convert -100 (base 5) to base 9.
-27
-2 (base 5) to base 7
-2
Convert -a3 (base 13) to base 2.
-10000101
What is 101 (base 3) in base 10?
10
What is -121 (base 3) in base 15?
-11
Convert 67 (base 15) to base 10.
97
Convert 3 (base 5) to base 3.
10
What is -26 (base 16) in base 9?
-42
What is 19 (base 14) in base 11?
21
What is -43 (base 9) in base 16?
-27
What is 14 (base 13) in base 5?
32
What is 3 (base 7) in base 14?
3
What is 1001 (base 2) in base 5?
14
100 (base 5) to base 6
41
Convert 2 (base 4) to base 6.
2
What is -20 (base 4) in base 9?
-8
Convert -3 (base 15) to base 5.
-3
Convert -7 (base 16) to base 9.
-7
What is 142 (base 5) in base 15?
32
12 (base 10) to base 6
20
-242 (base 6) to base 9
-118
3 (base 8) to base 3
10
Convert 1 (base 14) to base 4.
1
Convert -221 (base 5) to base 11.
-56
Convert -2011 (base 4) to base 11.
-111
Convert 233 (base 5) to base 13.
53
-2 (base 7) to base 2
-10
Convert 1 (base 3) to base 12.
1
-51 (base 7) to base 13
-2a
Convert 12 (base 6) to base 7.
11
Convert 33 (base 4) to base 6.
23
What is -2 (base 13) in base 10?
-2
-23 (base 12) to base 15
-1c
What is 167 (base 8) in base 13?
92
0 (base 16) to base 14
0
What is 202 (base 3) in base 12?
18
4 (base 12) to base 10
4
18 (base 10) to base 3
200
23 (base 7) to base 9
18
What is -3 (base 11) in base 12?
-3
56 (base 8) to base 11
42
What is -100100 (base 2) in base 11?
-33
What is 118 (base 9) in base 15?
68
-116 (base 8) to base 9
-86
Convert 3 (base 10) to base 6.
3
What is -244 (base 5) in base 3?
-2202
Convert -301 (base 5) to base 8.
-114
Convert 2 (base 7) to base 9.
2
-4 (base 15) to base 12
-4
Convert -26 (base 9) to base 15.
-19
What is 1101 (base 4) in base 12?
69
-100 (base 2) to base 13
-4
0 (base 9) to base 14
0
What is 35 (base 13) in base 3?
1122
Convert -10 (base 4) to base 13.
-4
Convert 5 (base 7) to base 5.
10
121 (base 4) to base 8
31
100 (base 2) to base 5
4
What is 1111 (base 2) in base 10?
15
a (base 16) to base 6
14
0 (base 3) to base 2
0
Convert -1 (base 12) to base 5.
-1
-12 (base 13) to base 14
-11
-143 (base 15) to base 12
-200
What is 50 (base 6) in base 8?
36
What is 3 (base 12) in base 2?
11
Convert -259 (base 11) to base 3.
-102100
What is -21 (base 8) in base 14?
-13
What is -42 (base 14) in base 8?
-72
-20 (base 14) to base 16
-1c
What is -6 (base 14) in base 13?
-6
Convert 2 (base 6) to base 11.
2
What is 60 (base 9) in base 8?
66
-2 (base 12) to base 11
-2
What is 1a7 (base 11) in base 10?
238
-10111011 (base 2) to base 7
-355
What is -5 (base 9) in base 6?
-5
b (base 15) to base 6
15
Convert 101 (base 2) to base 15.
5
Convert -1 (base 6) to base 2.
-1
Convert -1d (base 16) to base 6.
-45
4 (base 7) to base 3
11
-4 (base 5) to base 15
-4
-3b (base 16) to base 10
-59
2 (base 4) to base 11
2
What is 110 (base 5) in base 8?
36
Convert -27 (base 8) to base 5.
-43
Convert -4 (base 8) to base 12.
-4
-315 (base 7) to base 9
-186
1 (base 5) to base 11
1
-1 (base 2) to base 16
-1
Convert 2012 (base 3) to base 9.
65
Convert -5f (base 16) to base 15.
-65
-3 (base 8) to base 10
-3
-3 (base 13) to base 10
-3
What is 330 (base 6) in base 4?
1332
-24 (base 8) to base 4
-110
-12 (base 6) to base 14
-8
What is 222 (base 3) in base 11?
24
-13 (base 12) to base 8
-17
10 (base 8) to base 15
8
44 (base 13) to base 15
3b
What is -13 (base 6) in base 16?
-9
Convert 11011010 (base 2) to base 14.
118
What is 1 (base 11) in base 6?
1
332 (base 6) to base 14
92
Convert -1143 (base 5) to base 14.
-c5
Convert -43 (base 11) to base 5.
-142
1 (base 11) to base 14
1
What is -1 (base 8) in base 9?
-1
What is 4 (base 7) in base 12?
4
What is 7 (base 16) in base 9?
7
-16 (base 7) to base 12
-11
Convert -34 (base 7) to base 14.
-1b
What is 1111 (base 2) in base 11?
14
What is 5 (base 10) in base 11?
5
Convert 91 (base 12) to base 7.
214
1 (base 16) to base 4
1
Convert -9 (base 10) to base 16.
-9
Convert 1010 (base 3) to bas